{"id":2,"date":"2020-02-25T22:37:07","date_gmt":"2020-02-25T21:37:07","guid":{"rendered":"http:\/\/www.rozdeleni-presto-spolu.net\/?page_id=2"},"modified":"2020-02-29T06:53:57","modified_gmt":"2020-02-29T05:53:57","slug":"popis-projektu","status":"publish","type":"page","link":"https:\/\/www.rozdeleni-presto-spolu.net\/index.php\/popis-projektu\/","title":{"rendered":"Popis projektu"},"content":{"rendered":"\n<figure class=\"wp-block-image size-large\"><img loading=\"lazy\" decoding=\"async\" width=\"1024\" height=\"210\" src=\"http:\/\/www.rozdeleni-presto-spolu.net\/wp-content\/uploads\/2020\/02\/ez-1024x210.jpg\" alt=\"\" class=\"wp-image-20\" srcset=\"https:\/\/www.rozdeleni-presto-spolu.net\/wp-content\/uploads\/2020\/02\/ez-1024x210.jpg 1024w, https:\/\/www.rozdeleni-presto-spolu.net\/wp-content\/uploads\/2020\/02\/ez-300x62.jpg 300w, https:\/\/www.rozdeleni-presto-spolu.net\/wp-content\/uploads\/2020\/02\/ez-768x158.jpg 768w, https:\/\/www.rozdeleni-presto-spolu.net\/wp-content\/uploads\/2020\/02\/ez-1536x315.jpg 1536w, https:\/\/www.rozdeleni-presto-spolu.net\/wp-content\/uploads\/2020\/02\/ez-2048x420.jpg 2048w\" sizes=\"auto, (max-width: 1024px) 100vw, 1024px\" \/><\/figure>\n\n\n\n<p>Projekt \u010desko-slovensk\u00e9 spolupr\u00e1ce&nbsp;Rozd\u011bleni a p\u0159esto spolu&nbsp;je spole\u010dn\u00fdch projektem na\u0161\u00ed <a href=\"http:\/\/ssst.cz\">VO\u0160, SP\u0160 a SO\u0160 Strakonice<\/a> a slovensk\u00e9&nbsp;<a href=\"https:\/\/www.soslevice.sk\/\">St\u0159edn\u00ed odborn\u00e9 \u0161koly slu\u017eeb Levice<\/a>.&nbsp;Zam\u011b\u0159uje se na&nbsp;rozvoj mezin\u00e1rodn\u00ed spolupr\u00e1ce&nbsp;v odborn\u00e9m vzd\u011bl\u00e1v\u00e1n\u00ed a odborn\u00e9m v\u00fdcviku pro u\u010debn\u00ed obory, zlep\u0161en\u00ed \u00farovn\u011b kl\u00ed\u010dov\u00fdch kompetenc\u00ed a dovednost\u00ed&nbsp;\u017e\u00e1k\u016f&nbsp;p\u0159edev\u0161\u00edm obor\u016f kucha\u0159 \u2013 \u010d\u00ed\u0161n\u00edk&nbsp;a&nbsp;kade\u0159n\u00edk&nbsp;s ohledem na jejich v\u00fdznam pro trh pr\u00e1ce, podporu podnikavosti, kreativity a mezikulturn\u00edho pov\u011bdom\u00ed.<\/p>\n\n\n\n<p><strong>B\u011bhem v\u00fdm\u011bnn\u00fdch pobyt\u016f<\/strong>&nbsp;<\/p>\n\n\n\n<ul class=\"wp-block-list\"><li>\u017d\u00e1ci budou spole\u010dn\u011b pracovat pod dohledem u\u010ditel\u016f odborn\u00e9ho v\u00fdcviku&nbsp;na zadan\u00fdch t\u00e9matech dle sv\u00fdch obor\u016f.<\/li><li>Budou&nbsp;vytv\u00e1\u0159et podklady pro elektronickou kucha\u0159skou knihu a elektronickou knihu \u00fa\u010des\u016f&nbsp;pomoc\u00ed video a fotodokumentace ve spolupr\u00e1ci s \u017e\u00e1ky obor\u016f Elektrik\u00e1\u0159 a Grafik digit\u00e1ln\u00edch m\u00e9di\u00ed.<\/li><li>D\u00e1le se budou&nbsp;seznamovat se specifiky odli\u0161n\u00e9 kultury, historie, \u017eivotn\u00edho stylu.<\/li><li>Sou\u010d\u00e1st\u00ed budou t\u00e9\u017e&nbsp;spole\u010dn\u00e1 \u0161kolen\u00ed odborn\u00fdch pedagogick\u00fdch pracovn\u00edk\u016f, v r\u00e1mci kter\u00fdch prob\u011bhne mj. srovn\u00e1n\u00ed \u010desk\u00e9ho a slovensk\u00e9ho syst\u00e9mu odborn\u00e9ho \u0161kolstv\u00ed, metod pr\u00e1ce, jednotliv\u00fdch p\u0159\u00edstup\u016f, propojen\u00ed s prax\u00ed.<\/li><li>\u017d\u00e1ci&nbsp;oboru Aran\u017e\u00e9r a Grafik digit\u00e1ln\u00edch m\u00e9di\u00ed&nbsp;vytvo\u0159\u00ed&nbsp;v r\u00e1mci odborn\u00e9ho v\u00fdcviku&nbsp;informa\u010dn\u00ed banner o celkov\u00e9 spolupr\u00e1ci na projektu, kter\u00fd bude um\u00edst\u011bn ve spole\u010densk\u00fdch prostor\u00e1ch jednotliv\u00fdch \u0161kol.<\/li><li>\u017d\u00e1ci budou t\u00e9\u017e spole\u010dn\u011b vytv\u00e1\u0159et elektronick\u00fd slovn\u00ed\u010dek \u010desk\u00fdch a slovensk\u00fdch odborn\u00fdch v\u00fdraz\u016f&nbsp;ze sv\u00fdch profes\u00ed. V\u00fdstupy projektu budou k dispozici mj. online na webov\u00fdch str\u00e1nk\u00e1ch projektu.<\/li><\/ul>\n\n\n\n<p><\/p>\n\n\n\n<blockquote class=\"wp-block-quote is-layout-flow wp-block-quote-is-layout-flow\"><p>  <strong>Schv\u00e1len\u00e9 finan\u010dn\u00ed prost\u0159edky 28&nbsp;176.00 <\/strong> EUR<\/p><\/blockquote>\n\n\n\n<div class=\"wp-block-image\"><figure class=\"aligncenter size-large\"><a href=\"ssst.cz\"><img loading=\"lazy\" decoding=\"async\" width=\"399\" height=\"82\" src=\"http:\/\/www.rozdeleni-presto-spolu.net\/wp-content\/uploads\/2020\/02\/logo.png\" alt=\"\" class=\"wp-image-69\" srcset=\"https:\/\/www.rozdeleni-presto-spolu.net\/wp-content\/uploads\/2020\/02\/logo.png 399w, https:\/\/www.rozdeleni-presto-spolu.net\/wp-content\/uploads\/2020\/02\/logo-300x62.png 300w\" sizes=\"auto, (max-width: 399px) 100vw, 399px\" \/><\/a><figcaption><a href=\"https:\/\/www.ssst.cz\">https:\/\/www.ssst.cz<\/a><\/figcaption><\/figure><\/div>\n\n\n\n<div class=\"wp-block-image\"><figure class=\"aligncenter size-large is-resized\"><a href=\"https:\/\/www.soslevice.sk\/\"><img loading=\"lazy\" decoding=\"async\" src=\"http:\/\/www.rozdeleni-presto-spolu.net\/wp-content\/uploads\/2020\/02\/SOS_sluzieb_Levice-1.jpg\" alt=\"\" class=\"wp-image-70\" width=\"162\" height=\"225\" srcset=\"https:\/\/www.rozdeleni-presto-spolu.net\/wp-content\/uploads\/2020\/02\/SOS_sluzieb_Levice-1.jpg 300w, https:\/\/www.rozdeleni-presto-spolu.net\/wp-content\/uploads\/2020\/02\/SOS_sluzieb_Levice-1-216x300.jpg 216w\" sizes=\"auto, (max-width: 162px) 100vw, 162px\" \/><\/a><figcaption><a href=\"https:\/\/www.soslevice.sk\/\">https:\/\/www.soslevice.sk\/<\/a><\/figcaption><\/figure><\/div>\n","protected":false},"excerpt":{"rendered":"<p>Projekt \u010desko-slovensk\u00e9 spolupr\u00e1ce&nbsp;Rozd\u011bleni a p\u0159esto spolu&nbsp;je spole\u010dn\u00fdch projektem na\u0161\u00ed VO\u0160, SP\u0160 a SO\u0160 Strakonice a slovensk\u00e9&nbsp;St\u0159edn\u00ed odborn\u00e9 \u0161koly slu\u017eeb Levice.&nbsp;Zam\u011b\u0159uje se na&nbsp;rozvoj mezin\u00e1rodn\u00ed spolupr\u00e1ce&nbsp;v odborn\u00e9m vzd\u011bl\u00e1v\u00e1n\u00ed a odborn\u00e9m v\u00fdcviku pro u\u010debn\u00ed obory, zlep\u0161en\u00ed \u00farovn\u011b kl\u00ed\u010dov\u00fdch kompetenc\u00ed a dovednost\u00ed&nbsp;\u017e\u00e1k\u016f&nbsp;p\u0159edev\u0161\u00edm obor\u016f kucha\u0159 \u2013 \u010d\u00ed\u0161n\u00edk&nbsp;a&nbsp;kade\u0159n\u00edk&nbsp;s ohledem na jejich v\u00fdznam pro trh pr\u00e1ce, podporu podnikavosti, kreativity a mezikulturn\u00edho pov\u011bdom\u00ed. [&hellip;]<\/p>\n","protected":false},"author":1,"featured_media":0,"parent":0,"menu_order":0,"comment_status":"closed","ping_status":"closed","template":"","meta":{"footnotes":""},"class_list":["post-2","page","type-page","status-publish","hentry"],"_links":{"self":[{"href":"https:\/\/www.rozdeleni-presto-spolu.net\/index.php\/wp-json\/wp\/v2\/pages\/2","targetHints":{"allow":["GET"]}}],"collection":[{"href":"https:\/\/www.rozdeleni-presto-spolu.net\/index.php\/wp-json\/wp\/v2\/pages"}],"about":[{"href":"https:\/\/www.rozdeleni-presto-spolu.net\/index.php\/wp-json\/wp\/v2\/types\/page"}],"author":[{"embeddable":true,"href":"https:\/\/www.rozdeleni-presto-spolu.net\/index.php\/wp-json\/wp\/v2\/users\/1"}],"replies":[{"embeddable":true,"href":"https:\/\/www.rozdeleni-presto-spolu.net\/index.php\/wp-json\/wp\/v2\/comments?post=2"}],"version-history":[{"count":8,"href":"https:\/\/www.rozdeleni-presto-spolu.net\/index.php\/wp-json\/wp\/v2\/pages\/2\/revisions"}],"predecessor-version":[{"id":74,"href":"https:\/\/www.rozdeleni-presto-spolu.net\/index.php\/wp-json\/wp\/v2\/pages\/2\/revisions\/74"}],"wp:attachment":[{"href":"https:\/\/www.rozdeleni-presto-spolu.net\/index.php\/wp-json\/wp\/v2\/media?parent=2"}],"curies":[{"name":"wp","href":"https:\/\/api.w.org\/{rel}","templated":true}]}}

<figure class="wp-block-image size-large"><img loading="lazy" decoding="async" width="1024" height="210" src="http://www.rozdeleni-presto-spolu.net/wp-content/uploads/2020/02/ez-1024x210.jpg" alt="" class="wp-image-20" srcset="https://www.rozdeleni-presto-spolu.net/wp-content/uploads/2020/02/ez-1024x210.jpg 1024w, https://www.rozdeleni-presto-spolu.net/wp-content/uploads/2020/02/ez-300x62.jpg 300w, https://www.rozdeleni-presto-spolu.net/wp-content/uploads/2020/02/ez-768x158.jpg 768w, https://www.rozdeleni-presto-spolu.net/wp-content/uploads/2020/02/ez-1536x315.jpg 1536w, https://www.rozdeleni-presto-spolu.net/wp-content/uploads/2020/02/ez-2048x420.jpg 2048w" sizes="auto, (max-width: 1024px) 100vw, 1024px" /></figure>



<p>Projekt česko-slovenské spolupráce&nbsp;Rozděleni a přesto spolu&nbsp;je společných projektem naší <a href="http://ssst.cz">VOŠ, SPŠ a SOŠ Strakonice</a> a slovenské&nbsp;<a href="https://www.soslevice.sk/">Střední odborné školy služeb Levice</a>.&nbsp;Zaměřuje se na&nbsp;rozvoj mezinárodní spolupráce&nbsp;v odborném vzdělávání a odborném výcviku pro učební obory, zlepšení úrovně klíčových kompetencí a dovedností&nbsp;žáků&nbsp;především oborů kuchař – číšník&nbsp;a&nbsp;kadeřník&nbsp;s ohledem na jejich význam pro trh práce, podporu podnikavosti, kreativity a mezikulturního povědomí.</p>



<p><strong>Během výměnných pobytů</strong>&nbsp;</p>



<ul class="wp-block-list"><li>Žáci budou společně pracovat pod dohledem učitelů odborného výcviku&nbsp;na zadaných tématech dle svých oborů.</li><li>Budou&nbsp;vytvářet podklady pro elektronickou kuchařskou knihu a elektronickou knihu účesů&nbsp;pomocí video a fotodokumentace ve spolupráci s žáky oborů Elektrikář a Grafik digitálních médií.</li><li>Dále se budou&nbsp;seznamovat se specifiky odlišné kultury, historie, životního stylu.</li><li>Součástí budou též&nbsp;společná školení odborných pedagogických pracovníků, v rámci kterých proběhne mj. srovnání českého a slovenského systému odborného školství, metod práce, jednotlivých přístupů, propojení s praxí.</li><li>Žáci&nbsp;oboru Aranžér a Grafik digitálních médií&nbsp;vytvoří&nbsp;v rámci odborného výcviku&nbsp;informační banner o celkové spolupráci na projektu, který bude umístěn ve společenských prostorách jednotlivých škol.</li><li>Žáci budou též společně vytvářet elektronický slovníček českých a slovenských odborných výrazů&nbsp;ze svých profesí. Výstupy projektu budou k dispozici mj. online na webových stránkách projektu.</li></ul>



<p></p>



<blockquote class="wp-block-quote is-layout-flow wp-block-quote-is-layout-flow"><p>  <strong>Schválené finanční prostředky 28&nbsp;176.00 </strong> EUR</p></blockquote>



<div class="wp-block-image"><figure class="aligncenter size-large"><a href="ssst.cz"><img loading="lazy" decoding="async" width="399" height="82" src="http://www.rozdeleni-presto-spolu.net/wp-content/uploads/2020/02/logo.png" alt="" class="wp-image-69" srcset="https://www.rozdeleni-presto-spolu.net/wp-content/uploads/2020/02/logo.png 399w, https://www.rozdeleni-presto-spolu.net/wp-content/uploads/2020/02/logo-300x62.png 300w" sizes="auto, (max-width: 399px) 100vw, 399px" /></a><figcaption><a href="https://www.ssst.cz">https://www.ssst.cz</a></figcaption></figure></div>



<div class="wp-block-image"><figure class="aligncenter size-large is-resized"><a href="https://www.soslevice.sk/"><img loading="lazy" decoding="async" src="http://www.rozdeleni-presto-spolu.net/wp-content/uploads/2020/02/SOS_sluzieb_Levice-1.jpg" alt="" class="wp-image-70" width="162" height="225" srcset="https://www.rozdeleni-presto-spolu.net/wp-content/uploads/2020/02/SOS_sluzieb_Levice-1.jpg 300w, https://www.rozdeleni-presto-spolu.net/wp-content/uploads/2020/02/SOS_sluzieb_Levice-1-216x300.jpg 216w" sizes="auto, (max-width: 162px) 100vw, 162px" /></a><figcaption><a href="https://www.soslevice.sk/">https://www.soslevice.sk/</a></figcaption></figure></div>

<p>Projekt česko-slovenské spolupráce&nbsp;Rozděleni a přesto spolu&nbsp;je společných projektem naší VOŠ, SPŠ a SOŠ Strakonice a slovenské&nbsp;Střední odborné školy služeb Levice.&nbsp;Zaměřuje se na&nbsp;rozvoj mezinárodní spolupráce&nbsp;v odborném vzdělávání a odborném výcviku pro učební obory, zlepšení úrovně klíčových kompetencí a dovedností&nbsp;žáků&nbsp;především oborů kuchař – číšník&nbsp;a&nbsp;kadeřník&nbsp;s ohledem na jejich význam pro trh práce, podporu podnikavosti, kreativity a mezikulturního povědomí. [&hellip;]</p>
